-12 + 20)?
-8
Evaluate 9 + (-37 - -25) - -14.
11
What is (10 - 6) + -3 + 30 + 7 + -13?
25
What is the value of (1 - -2) + (95 + -115 - (4 - 8))?
-13
What is the value of 3 + 0 - (2 - (28 + -18 - 10))?
1
Evaluate -3 + -1 + (-8 - (-22 - (-25 + 13))).
-2
(-32 + 63 - 11) + -1
19
What is (-7 - 0) + (-2 - -15 - (-33 + 34))?
5
What is the value of -10 - (1 - (-7 - -2) - 24)?
8
Calculate -2 - 10 - -3 - (-42 - -43).
-10
Calculate -2 - (18 + 8 - 0).
-28
What is the value of (-186 - -169) + 3 + 0 - -14?
0
Evaluate -1 + -5 + 31 + 4 + -88 + 72.
13
Calculate (13 + 3 - 49) + (-16 - -25).
-24
(1 - 15 - (1 + 2)) + -1179 + 1173
-23
Calculate -7 + (1 - -3) - ((1 - 0) + 1).
-5
-13 + -10 + (-3 - -21)
-5
Evaluate -320 - -310 - (-1 - (2 + 0)).
-7
Calculate (-19 - -33) + -1 - 20.
-7
What is the value of 2 + (-4 - (-12 + 8 - 14))?
16
-4 + -7 + 8 + 18 + -3 + -6
6
What is the value of -2 + 6 + 0 + -1 + 19?
22
Evaluate (4 - 1) + 15 - 15.
3
What is the value of -8 - -16 - -21 - 22?
7
What is 33 - (15 - -18 - 4)?
4
What is (-10 - -4 - 14) + 29 + -33?
-24
Evaluate 4 + 2 + -3 + 0 - (76 - 82).
9
What is the value of 1 + -12 - (-30 - -6 - (-20 + -2))?
-9
What is -6 - (12 + (58 - 40))?
-36
Calculate (-4 - -2) + 2 - (0 + (12 - 25)).
13
Evaluate -1 + 6 - (3 + (8 - -10)).
-16
Evaluate 0 - (-15 - (-5 + 1)).
11
Evaluate -31 - (-16 + 7 - -4) - (-7 - 2).
-17
5 - (4 - 3) - 0 - 2 - -7
9
What is -4 - (129 + -127 + (2 - 1 - 12))?
5
What is the value of -10 + (-30 - (-27 - -10))?
-23
Calculate 30 + -58 + 28 + (7 - (3 + -2)).
6
5 - (7 - (-11 - -18) - -9)
-4
What is (-4 + -5 + 2 - -25) + -7 - 0?
11
-11 - (2 - -4 - 27)
10
What is the value of -4 + (6 - (-6 - (-5 + (5 - 5))))?
3
6 + ((0 - 7) + -7 - 5)
-13
Calculate -14 + -17 - -2 - (3 + -16).
-16
What is -17 - -1 - (-14 - (-5 + -9 + 5))?
-11
What is the value of (2 - 29) + -109 + 124?
-12
What is the value of -7 - (14 + -3 - (-62 - -48))?
-32
Evaluate 3 + (17 - (7 + 3 - -1)).
9
What is (1 - 2) + (1 - -9)?
9
What is the value of -9 + -13 + 23 + 7?
8
Calculate 4 - (11 + (-10 - (0 + -1)) - 5).
7
What is (14 - (-2 - -10) - 11) + 7?
2
-39 + 41 - (5 + 1)
-4
16 + -1 + -9 + 9 + 8 + 4
27
What is the value of 0 + -3 - (21 - (12 + -1 + -16))?
-29
What is -9 + 10 - (67 + -66)?
0
Evaluate (-54 - -20) + 47 - (-16 + -1).
30
What is (170 - 164) + (-1 - (0 + 1)) + -25?
-21
What is -6 + (0 - -1) + -2 + 6?
-1
(-12 - (-16 + -17)) + -6
15
What is the value of -4 + 12 + -3 + -3 - (-4 + 21)?
-15
-10 + (18 - 30 - -41) + (4 - -4)
27
-10 - -20 - (-2 + 20 + -7)
-1
(1 - (9 - 12) - 5) + 16
15
What is (-3 - 22) + -51 + 75?
-1
-7 + (-6 - (11 + 5 + -22 + 8))
-15
Evaluate -1 + 2 - (-28 + -39 + 77).
-9
What is 20 + (1 - 10) - ((13 - 8) + -4)?
10
Evaluate 0 - -7 - (12 + 2 + 6 + -4).
-9
What is 2 + (4 - 7) + (14 - 5)?
8
6 + -29 + (43 - 3)
17
Evaluate (1 + -9 - (-130 - -118)) + -13.
-9
Evaluate 0 - ((6 - 14 - -9) + 12).
-13
What is the value of 12 - (6 + 0 + -6 + (5 - 4))?
11
Evaluate 9 - 0 - ((-9 - -28) + -11).
1
Evaluate 9 + (1 - (-6 - -12) - 11).
-7
Calculate -1 - -2 - (233 - 245).
13
Evaluate (1 - 5 - 7 - -5) + 24 + -44.
-26
What is 1 + (18 + (-9 - -3) - (8 + -2))?
7
Evaluate 2 + -4 - 2 - ((-2 - -3) + -3).
-2
Evaluate 11 + (-9 - -6) + 3 + -3 + 0.
8
What is the value of 5 + -16 + (-12 - -18) + 9?
4
What is (-27 - -10 - (-6 + -5)) + 20?
14
What is -23 - 7 - (-64 - -39)?
-5
27 + 1 + 36 + -37
27
(26 - (-38 + 69)) + -16
-21
What is the value of 4 - (0 - -5 - (6 - (14 + -5)))?
-4
Calculate -16 + (40 + 6 - (9 - -4)).
17
What is -24 + 3 + -1 + (-6 - (-11 - -17))?
-34
What is -6 + (0 + 5 + -9 + -3 - -13)?
0
Evaluate 32 - (36 - (12 - 8)).
0
What is 4 - ((8 - (4 - 0)) + 6)?
-6
What is -80 + 85 + 5 + 0?
10
What is 2 + -19 + (0 - -1 - (79 - 80))?
-15
Calculate -13 - 2 - (-7 - 1) - 0.
-7
Evaluate -13 + -26 - 1 - -26.
-14
Evaluate -11 + 8 + -2 + -19 + 13.
-11
What is (23 - 2) + -24 + 16?
13
-23 + (-3 - -7) + (0 - 22 - -34)
-7
-12 + 7 + -5 + (18 - 2)
6
What is the value of 20 + (-13 - -18) + -10?
15
Calculate -33 + 30 + (2 - (28 + -3)).
-26
What is 8 + -31 + 33 + (0 - (0 + 5))?
5
What is 0 + 18 - (44 - 48) - 10?
12
What is the value of (-22 - 0) + 9 + (37 - 59)?
-35
What is the value of 0 + -1 + 2 - (22 + -44)?
23
(3 - 1) + -21 + 7 + (3 - 4)
-13
What is (-10 - -5) + 5 + -10?
-10
Evaluate 1 - 23 - (-15 + (13 - 15) + 12).
-17
11 + (-20 - -8 - -3 - -6)
8
What is -23 - (-2 - 8 - -2 - (57 - 60))?
-18
What is the value of 1 + (0 - -3) + 15 + (-61 - -60)?
18
What is the value of 1 + -7 + (15 - (8 + 3)) - 10?
-12
-8 + -16 + (-12 - -45)
9
What is the value of (0 - 1) + 18 + (49 - 52)?
14
Evaluate (-29 - -61 - -19) + -26.
25
What is the value of -12 - (-9 + 12 - 16) - (13 - -1)?
-13
What is 37 + (48 - 29) + -36?
20
3 - ((25 - 36) + 12)
2
Calculate -5 + 4 + -20 + 30 + -21.
-12
What is the value of -10 - ((-4 - 5 - -11) + -6 + -3)?
-3
11 + -1 + -8 + (-1 - 1)
0
What is the value of (1 - (-4 - 2)) + -70 + 125 + -58?
4
What is the value of (-384 - -361) + 26 + 5?
8
Calculate 4 + ((-5 - -10) + -23 - 5).
-19
What is (2 - 5) + 12 + -2 + 3 + 22?
32
Calculate -4 + 0 + (12 - 3) + -3.
2
Evaluate 9 - (44 + -2) - (-17 - -3).
-19
What is the value of -13 - (-30 + -27 + 19)?
25
Evaluate 25 + (-26 - 4) + 3 + -1.
-3
24 - 25 - (-2 + 31 - 4)
-26
Calculate 0 - (-3 - (-6 + 7)) - 3.
1
Evaluate (-23 - -14) + 24 + 5.
20
What is the value of -2 + 32 + (43 - 55) + -2?
16
(12 - (6 - -21)) + 20
5
What is the value of (-11 - -17 - 14) + -2 - -21?
11
Evaluate (-391 - -405) + -1 + -12 + -1 + 0.
0
Evaluate (7 - 4) + (-3 - (0 - 11)) - 4.
7
14 - (-18 - 5 - -26)
11
What is the value of (2 - -19) + (-86 - -87)?
22
What is -25 + 7 + 6 - (-1 + -5) - -11?
5
Calculate -5 + 3 + -11 + 10 - -19.
16
Calculate (5 + (8 - (23 - 3)) - -14) + 10.
17
Evaluate (1 - 18 - -23) + -18.
-12
What is (-17 - (-13 + -2)) + 1 + 10?
9
(-120 - -117) + (0 - 1) - 17
-21
What is the value of 0 - -5 - (-17 + 38 + -25)?
9
What is (-7 - (11 - 12)) + 28 - 8?
14
(34 - 33) + (-4 - -1)
-2
1 - (-1 + 1) - (56 + -43 + -3)
-9
What is 9 + -9 + (3 + -8 - -2) - 2?
-5
-24 + 21 + (-28 - -4)
-27
Calculate 6 - (4 - 3 - -9 - -21).
-25
Calculate (18 - 17) + (-12 - -4 - 3) - -33.
23
Calculate (20 - 13 - (-2 - 2)) + -5 + 5.
11
Evaluate -21 + (7 - (-2 - 4)).
-8
Evaluate 0 - ((-15 - 1) + (-130 - -136)).
10
-5 + 3 + (-3 - 19) + 8 + 0
-16
What is the value of -25 - -33 - (5 + -6 - 6 - -1)?
14
What is (-4 - (17 - 7)) + 31?
17
What is -1 - 31 - (178 - 182)?
-28
Evaluate 0 + -2 - (80 + -90).
8
Evaluate -10 - (-12 - (-16 + 0) - (-3 - 1)).
-18
Calculate (-56 - -55) + (-2 - (-22 + -5 + 5)).
19
What is -3 + -11 + 118 + -89?
15
What is -10 - (16 + (8 - 27))?
-7
What is 0 + (-8 - (-31 - 3))?
26
What is the value of (-28 - 7) + -9 + (-8 - -7) + 14?
-31
Calculate 48 - 35 - (-1 + 2 + 4).
8
What is 2 - 8 - (2 - 13)?
5
Evaluate 26 + -1 + -3 + -58 + 49.
13
What is the value of 14 - ((27 - 58) + 42)?
3
Evaluate -1 - (31 - 16 - 7).
-9
What is the value of (-3 - -21 - -3) + -9 - (6 + 4)?
2
What is the value of -128 + 139 + -1 + 23?
33
What is the value of (-32 - -53) + -56 + 25?
-10
9 - (15 - (12 - 18))
-12
What is the value of -9 + (18 - 7) + -6?
-4
Calculate -1 - 10 - (-78 + 70).
-3
-6 + 2 + 3 + -4 + 12 + -6
1
Evaluate (18 - 6) + (3 - 17).
-2
What is 13 - (-16 + 13 + -1 + 6)?
11
15 + 0 - (320 - 299)
-6
15 + -6 + (-10 - 0) - -6
5
Evaluate (-8 - 0) + (43 - -12 - 74).
-27
Calculate 0 - (-3 - -14) - (24 - 35).
0
-10 + (17 - 7) - 16
-16
Calculate 29 - (15 + -8 + 5 + 5 + -6).
18
What is -16 + 6 - (-5 + -3 + -13)?
11
Evaluate 4 + -8 - (5 - 19) - 4.
6
4 + -3 + (12 - 19 - -2)
-4
Calculate 3 + (17 + -1 - 22).
-3
What is the value of (13 - -13) + -19 - (-1 - -11)?
-3
What is the value of (-4 - -2) + 3 + -2 + -7 + 22?
14
-26 + (-9 - -2) - ((2 - -1) + -7)
-29
Calculate 17 + 17 + -13 - 41.
-20
What is the value of -21 + 20 + -4 + 2 - -6?
3
What is the value of -139 - -113 - (0 - 4)?
-22
Evaluate 7 - (5 - (-5 + (5 - -2))) - -7.
11
-4 + -4 + (9 - -4) + -21 + 7
-9
Evaluate (-6 - -20) + 108 + -137.
-15
What is -1 - -3 - 9 - (-22 - -19) - -7?
3
What is -94 + 95 - (3 - (-4 - (-4 + 3)))?
-5
What is -7 + (3 - (15 + -6 + -8))?
-5
7 + -8 + -22 + 58 - 3
32
Evaluate (22 - 21 - -15) + -41.
-25
(1024 - 1010) + -23 + 1
-8
What is -38 + (5 - (-20 - -5))?
-18
What is the value of (-22 + 7 - -11) + 4 + -3 + 13?
10
Evaluate -27 + (5 + 